 -14) - (1 + -10).
7
What is the value of -2 - (-4 + -3 + 9)?
-4
(-11 - (-6 - -3)) + 8 + -2
-2
Evaluate -5 - -10 - (7 + -4 - 1).
3
What is (-6 - (1 - 11)) + -1 + 2?
5
1 - ((0 + 0 - 2) + -3)
6
Calculate 5 + -9 + 5 - (1 + 3).
-3
Evaluate 6 - ((2 - 5) + 0 + 8).
1
Evaluate 1 - ((-1 - (3 - -1)) + 5).
1
Evaluate -3 - (-8 - (11 - 10)).
6
Evaluate -2 + 6 + (5 + 0 - 0).
9
What is the value of -2 - 0 - (2 + -6)?
2
What is the value of (9 - (-4 + 8)) + -5?
0
Calculate 3 + (-23 - -12) + 13.
5
What is the value of 4 - -6 - (-1 - -11)?
0
What is (33 - 42) + (-6 - -18)?
3
3 - (7 + -3 + 0 + -3)
2
What is the value of (-3 + 11 - 7) + -3 + -1?
-3
Calculate (6 - 3) + -5 + 7.
5
What is the value of 6 + (-2 - 2) + 17 + -26?
-7
What is 4 - (-2 + (-1 - 0 - -5))?
2
Evaluate -10 + (7 - (2 + -4 + 4)).
-5
-7 + -2 + 5 + (6 - 2)
0
What is 6 - 7 - -5 - -2?
6
What is 13 - (-7 - -7 - 3) - 7?
9
-3 + (-2 + 0 - 3)
-8
Evaluate 2 + -1 + 1 + (5 - 1).
6
1 + -6 + (15 - (-11 + 16))
5
(6 - 13) + 17 + -17
-7
What is 6 + 0 + (-17 - -3)?
-8
Evaluate 0 + 1 - (-4 + 4).
1
Evaluate -1 + 8 + -10 + 3.
0
Evaluate 2 - (9 - (12 + -12)).
-7
Calculate (-17 - -14) + 4 + -2.
-1
Calculate -2 + (8 - 4 - 1).
1
What is -3 + -2 + (4 - 1)?
-2
Calculate (-3 + 2 - -1) + (2 - 6).
-4
Evaluate 0 + 0 + (-8 - -4) + 1.
-3
What is -18 - -2 - (4 - 14)?
-6
What is the value of 7 + -2 - (1 + 1) - 4?
-1
-9 + 8 - (-1 - 0)
0
Calculate 2 - 3 - (-6 + (13 - 8)).
0
What is the value of (1 + -2 - -10) + 194 + -193?
10
What is 3 + (20 + -13 - 9)?
1
4 + (-2 - 5) + (-2 - -5)
0
What is the value of -3 - (-5 - (-1 + 1))?
2
What is the value of 1 + (1 - -3 - 6) + 4?
3
Evaluate (3 - 10) + 8 + (1 - -1).
3
Calculate (1 - -4) + 3 + -4.
4
-1 + -1 + 5 - 2
1
What is 7 + -1 - (3 - 2)?
5
Calculate 2 - -9 - 6 - (13 + 0).
-8
What is (1 - -1) + (-5 - -6) + -2?
1
Calculate (0 + 6 - (2 - -9)) + 9.
4
What is -1 + (0 - (2 + -3 - 1))?
1
What is the value of -6 + (-18 - -13) + -2 + 6?
-7
Evaluate 1 + (-2 - (11 - 10)).
-2
What is 10 - 2 - (7 + 1)?
0
Evaluate -10 + 1 + -5 - -11.
-3
What is the value of 1 - 0 - 4 - (0 + -8)?
5
0 - ((0 - -8) + -13)
5
(-2 - -1) + (-4 + 7 - 4)
-2
Evaluate 5 + (2 - 0) + -2.
5
-6 + 4 + 4 + 2
4
Calculate (-7 - (-10 + 3)) + -5.
-5
Calculate -2 - (3 - 3 - 1).
-1
Evaluate (-2 - -4) + 1 + -3 + -5.
-5
What is (-1 - -10) + 29 + -33?
5
What is 9 - (9 + 5) - (-2 - -2)?
-5
Calculate -1 - (5 - (17 - 4)).
7
Evaluate (-8 - 1) + 9 + -5 + -1.
-6
What is 5 - (-4 - (3 + -13))?
-1
3 + (-4 + 0 - -2)
1
What is the value of (-1 + 0 - -4) + -5?
-2
What is -4 + (-6 - -3 - -5) + -1?
-3
Calculate 7 + (2 - 1) + -5 + 1.
4
0 - 1 - (0 - -3)
-4
What is the value of (0 - -11) + (41 - 22 - 24)?
6
What is the value of -10 + -8 + 8 + 18?
8
Calculate 1 + 1 - 1 - (-1 + -2).
4
Evaluate -8 + (-14 - -14) + 7.
-1
16 + -23 + 1 - (0 - 8)
2
Calculate (21 + -3 - 12) + 0 + -6.
0
What is -4 - (-1 + -1 + -3 - -1)?
0
What is (-1 - -2) + 12 - 13?
0
Evaluate 16 + -17 + (1 - (1 + 0)).
-1
Evaluate 15 + 0 + -5 - 10.
0
What is 53 - 67 - (1 - 6)?
-9
Evaluate (2 - 0) + -1 - (3 - 3).
1
What is the value of -2 + 4 + -5 + 4?
1
What is the value of -6 - (1 - (-2 + 10))?
1
What is the value of 2 - (5 + 4 - 5)?
-2
13 + (-5 - 18 - -5)
-5
What is the value of 6 + (-2 - 9) + -1?
-6
What is the value of 8 + (-9 - -2) + 3 + 0?
4
What is the value of -1 + -3 + -4 + (-2 - -5)?
-5
5 - 0 - (6 + -12 + 7)
4
What is -1 - -4 - (-99 + 100)?
2
What is the value of 1 + -4 - (21 - 27)?
3
What is -1 + 5 - (-12 + (-8 - -22))?
2
-9 - (-8 - 2 - -5)
-4
Evaluate -2 + 0 + 3 - (5 + -3).
-1
-6 + (8 - -3) + -2 + -9
-6
What is the value of -1 - (-1 + -6) - 7?
-1
Calculate -2 + (1 - (3 - 2)).
-2
Calculate 7 + ((-10 - -3) + 4 - 1).
3
What is 7 - 7 - (3 + -1)?
-2
-9 + -1 + 13 + -6
-3
Evaluate -1 - 2 - -3 - 3.
-3
What is 4 - (-2 - (4 + -3) - -3)?
4
What is 6 + (11 - 7 - 7)?
3
10 + -2 + -2 + -2
4
-2 + -1 + (1 - (-3 + 0))
1
What is the value of 0 - (3 + -2 + -1 - -5)?
-5
Calculate (8 + -9 - -14) + -12.
1
What is the value of (14 - -10 - 7) + -11?
6
-7 + 0 + 2 + 10
5
What is the value of (-17 + 6 - -16) + -2 + -3?
0
What is the value of 22 + -8 + -19 + (1 - -1)?
-3
What is (0 - 5) + 15 + -5?
5
-30 + 32 - (0 + -1 + -1)
4
What is the value of 0 + -2 - (-2 + -1 - 4)?
5
-12 + 18 + (-6 - 0)
0
Evaluate 5 - (-12 + 4 + 3 - -3).
7
What is the value of 3 - (4 + -1) - -4?
4
Evaluate (0 - -6) + -2 + -14 + 3.
-7
What is -2 + 1 - (19 + -17)?
-3
What is the value of 0 - -1 - (3 + (-7 - -4))?
1
What is (2 - -5) + (38 - 50)?
-5
-14 + 9 - (9 + -5)
-9
Calculate (3 + 4 - 7) + -7.
-7
-5 + (8 - (4 - 4))
3
Calculate -4 + 1 - (5 + -3).
-5
-1 + 7 - ((-1 - 3) + 4)
6
What is the value of 91 + -95 + (-1 - -10)?
5
What is the value of (-8 - -4) + -3 - -2?
-5
What is the value of -4 - (-20 - (-2 + (4 - 10)))?
8
What is -2 + 1 - -2 - (42 - 40)?
-1
Calculate 5 - (8 + (-2 - -1)) - 8.
-10
What is the value of (3 - -1) + -2 + 1 + -2?
1
Evaluate 1 + 0 + (-8 - -1 - -5).
-1
Evaluate 1 + 2 - 2 - -1.
2
Evaluate 3 + (1 - 6 - -1) + -1.
-2
Calculate (-2 + -1 - -11) + -3.
5
Calculate -1 - (7 - (-5 + 7)).
-6
Calculate (-17 - -2 - -12) + (2 - -1).
0
What is the value of -5 - (1 + -1 + -4)?
-1
-5 + 8 + -2 - 1
0
11 + (10 - 15) - 6
0
What is -3 + (4 - (-10 + 4))?
7
Evaluate -15 + 13 + (1 - 5).
-6
Evaluate (0 - -1) + 2 - (7 + -9).
5
Evaluate 6 + (-3 + 5 - 9).
-1
-5 - (-3 + 6 + -4 - -2)
-6
0 + 2 + -8 + 10 + 2
6
What is 3 + 1 + -4 + (1 - 1)?
0
(-41 - -31) + (-2 - -6)
-6
2 - (-2 + 5 - 3)
2
What is (9 - 18) + 15 - 1?
5
Evaluate 1 - (22 - 10) - (-1 - 7).
-3
What is (-1 - -6) + (-36 - -28)?
-3
Calculate -2 + -2 + 4 + (-8 - -4).
-4
2 + -10 + (-4 - (-4 - 6))
-2
Evaluate -4 - (5 + (-9 - 3)).
3
What is the value of (2 - 5) + 0 + -1 + 2?
-2
Evaluate -5 + (5 - 0 - 1) + 1.
0
Calculate 20 + -14 + (0 - 8).
-2
What is 0 - ((0 - 3 - 4) + 4)?
3
Calculate -3 - -1 - 0 - (14 + -18).
2
Evaluate 3 + (-4 - -1) + -1.
-1
What is -39 + 41 - (1 + -4)?
5
-28 + 20 + 8 + -3
-3
Evaluate -11 - (-1 - (11 - 0)).
1
What is the value of -6 - (-1 - 0 - (-34 - -37))?
-2
What is 4 - (0 - 1) - (2 - 2)?
5
Evaluate -3 - (1 - (5 - 5)) - -5.
1
What is -5 - -1 - 5 - -7?
-2
-2 + -3 + 1 - -7 - -1
4
(-6 - 1) + 7 + 1 + -6
-5
What is 7 + (-2 - (-17 - -14))?
8
What is the value of -9 - ((5 + -6 - 4) + 2)?
-6
What is 1 + 1 - (13 + -9)?
-2
Evaluate (-1 - 3) + 1 + 4.
1
Calculate (-43 - -49) + (-5 - (-1 - -1)).
1
Evaluate 5 - ((-6 - 8) + 10).
9
5 + (-8 - -7) + (5 - 1)
8
What is -9 + 7 + 1 + 4 + -3?
0
Evaluate (-7 - 10) + 11 - 2.
-8
Evaluate -12 - 1 - (-33 - -25).
-5
Calculate -10 + -15 + 30 - 13.
-8
Evaluate 38 + -36 - (-4 + 1).
5
What is the value of (5 - (-7 - -9)) + 0 + -3?
0
Calculate (0 - (17 - 25)) + (-1 - 15).
-8
What is the value of 26 + -33 - (-10 - (-2 + -2))?
-1
-4 - (0 + -6 - (26 - 30))
-2
Calculate 5 - (7 + -3 - 0).
1
Calculate 4 - (-4 + 9) - (-16 - -23).
-8
Evaluate 5 + -5 + 2 - 9.
-7
Evaluate -1 + (5 - (2 + -1)).
3
What is -11 - (5 + 3 - 11)?
-8
Calculate -5 + -1 + (6 - 1).
-1
What is the value of 9 + -1 - (-25 + 29)?
4
Evaluate -4 + (1 - (4 - 2)).
-5
What is 3 - (0 - -1) - (-1 + 3)?
0
Evaluate -61 + 60 + 1 + 4 + 0.
4
Calculate 4 - (3 + -1 + 2).
0
What is the value of (-13 - -16 - 4) + -3 + 1?
-3
What is 43 + -51 + 6 + 0 + -3?
-5
11 + -22 + 13 - -2
4
What is (2 - (5 + -1)) + 4 + 1?
3
Calculate 2 + -8 + -6 + 5.
-7
Calculate (-2 - -1) + -3 + -1.
-5
Evaluate (-5 - 5 - -5) + 2.
-3
What is -2 + (11 + -3 - 4)?
2
(9 - (3 - -3)) + 1
4
What is 4 + 2 + -2 - (3 + -3)?
4
What is the value of (2 - -8) + -4 + 5 + -4?
7
Calculate -13 + 32 + (-5 - 5).
9
Calculate 0 - (4 + 2 + -1).
-5
What is 5 + -7 + (-1 - 2) - -6?
1
7 - (-6 - (3 - (18 - 3)))
1
Evaluate -2 - -7 - (7 + -7).
5
What is (11 + -9 - -2) + (0 - 0)?
4
Evaluate 2 + 4 + -1 + -8.
-3
What is 1 - (1 + -2) - (12 + -13)?
3
Calculate 1 - (-2 - -4 - (-2 + 2)).
-1
What is the value of 6 + -7 + (8 - 3) - 8?
-4
What is 1 + -4 - (-5 + 0 - 2)?
4
What is 6 - 6 - (-2 - -4)?
-2
What is (10 - -2 - 4) + -5?
3
Calculate -2 - -8 - (27 + -30).
9
-6 + 6 + (6 - (6 - 2))
2
What is the value of 0 + 2 + (-26 - -24) + -3?
-3
1 + -9 - (51 - 61)
2
Evaluate 3 + -1 + -1 - (3 - -3).
-5
What is the value of -5 + (-5 - (-9 - 1)) + 1?
1
Evaluate 7 + -2 + 7 + -7.
5
What is the value of 5 + (-13 - -7) + 1?
0
What is 1 + -3 - (-17 - -9)?
6
Evaluate -3 + -3 - (-3 - (0 + -2)).
-5
(-8 - (-1 - 5)) + (1